 + 6 + 29 = 3*s. Let r = s + -13. Let k(f) = -3*f**3 + 2*f**2 - 4*f + 3. What is k(r)?
-21
Let p(a) = 2*a - 5. Let l(q) = -q + 2. Let m(s) = -5*l(s) - 2*p(s). What is m(1)?
1
Let q(b) = -3*b**2 + 40*b - 15. Let x be q(13). Let j(o) = -7*o - 1. Let f(r) = -21*r - 4. Let n(a) = x*f(a) + 7*j(a). What is n(1)?
-6
Let i(j) be the first derivative of j**2 + 5*j + 208. Calculate i(-1).
3
Suppose -23*q = -24*q + 2. Let f(n) = 1 + 8*n + 3*n**q - 6*n - 2*n**2. Determine f(-5).
16
Let p(c) = -c**3 - 4 + 63*c + c**2 + 2 + 79*c - 139*c. Calculate p(-2).
4
Suppose 2*p + p = -2*n - 15, 5*p + 27 = -4*n. Let t(x) = -3*x**2 + 14*x - 15*x + 2*x**2 + 4. Calculate t(n).
-2
Suppose -3*j - q = q - 71, -5*j + 93 = -3*q. Suppose 14*f + j = -49. Let r(z) = 7*z - 3. Let l(s) = -s + 1. Let x(b) = 6*l(b) + r(b). Calculate x(f).
-2
Let v(j) = -2*j**2 - 3*j - 1. Suppose -5*w + 2*p + 0 + 2 = 0, 5*p + 5 = -w. Suppose 0*z + 6*z - 252 = w. Let i be (2/(-4))/(7/z). Determine v(i).
-10
Suppose 92*i - 337 - 399 = 0. Let h(w) be the third derivative of w**4/12 - w**3/3 + w**2. Determine h(i).
14
Let z(o) = -3*o - 1. Let y(n) = -2*n. Let k(r) = 4*y(r) - 3*z(r). Let l(f) = 15*f - 11*f - 3 - 6*f. Let t(m) = 6*k(m) + 5*l(m). Calculate t(4).
-13
Let r be (-69)/(-12) - (-3)/(-4). Let n(z) = 6*z**2 - 5*z**2 - 3*z - 29 - 30 + 61. Calculate n(r).
12
Let n(m) = -m - 32. Let f be n(-33). Let s(l) = -15*l**3 + l**2 - 2*l + 1. Calculate s(f).
-15
Let i(c) = c**3 - 10*c**2 + 9*c + 12. Let t be i(9). Suppose t = -2*o - 22. Let k = o - -14. Let s(q) = -q**2 - 2. Calculate s(k).
-11
Suppose -3*d - 6 = -30. Let y = -27 + 22. Let c = y + d. Let n(x) = -x**2 + 3*x. Calculate n(c).
0
Let i(k) = -k - 5*k + 29 - k. Let g(b) = -4*b + 15. Let w be (-979)/(-319) + (-8)/116. Let a(p) = w*i(p) - 5*g(p). What is a(5)?
7
Let c = -635 - -1906/3. Let b(g) be the first derivative of c*g**3 - 7 + 0*g + 1/4*g**4 - 1/2*g**2. Give b(0).
0
Let d(j) be the third derivative of j**5/60 + 5*j**4/24 - j**3/3 - 4*j**2. Let c = 15 + -1. Suppose -2 - 4 = 3*v + 3*i, 5*v + c = -3*i. Determine d(v).
-6
Suppose 16*p + 26 - 122 = 0. Let r(y) = -y**3 + 5*y**2 + y + 8. What is r(p)?
-22
Let i(d) = 2 - 4 + d + 4. Let h = 7 - -2. Let y be 3*15*1/h. Calculate i(y).
7
Let c(r) be the third derivative of 5*r**4/12 - r**3/6 + 3*r**2 + 3. Determine c(3).
29
Let v be (-12)/(9/(-12) - 0). Suppose -2*p = 2*p - v. Suppose 6 = p*w + g + 31, g = -5*w - 31. Let m(b) = -3*b - 8. Calculate m(w).
10
Suppose -i + 11 = 10. Let w(v) = 202*v**2 - 208*v**2 - 2*v - i + 0. Determine w(-1).
-5
Suppose -d + g + 2*g - 4 = 0, 3*d + 3*g = 0. Let c(o) = -9*o**3 - o**2. Calculate c(d).
8
Let i(x) = -x**3 - 5*x**2 + 15*x + 7. Let l be i(-7). Let w(r) = -3 + l - 4 - 2*r + 4. What is w(6)?
-15
Let r(o) = 3*o - 3*o - 5*o**2 + 0*o**3 + o**3 - 4. Let p be (-47)/(-5) - (-36)/(-90). Suppose 0 = m + 4 - p. Determine r(m).
-4
Let q be ((-25)/(-20))/5*-4. Let p(n) = 12*n**3 - 4*n**2 - 2*n - 3. Let a(z) = -13*z**3 + 5*z**2 + 3*z + 4. Let m(d) = -4*a(d) - 5*p(d). Calculate m(q).
9
Let h(t) = 2*t - 4. Let u be h(2). Let i(k) = 4*k**2 + 0 + 1 + u*k**2 - 5*k**2 - 3*k**3. Determine i(1).
-3
Let s(v) = -v**2 + 6*v + 3. Let p be s(6). Suppose 25 = 7*f + 4. Let y(c) = -c + c**f + 1 + 0 + p*c**2 + c**2. Determine y(-3).
13
Suppose -15 = 15*t - 45. Let y(f) be the third derivative of -t*f**3 + 0 + 0*f - 3*f**2 + 1/24*f**4. What is y(7)?
-5
Let t(u) = -u**3 - 3*u**2 + u - 4. Let i = 12 - -12. Let z = 81 - 60. Let b = z - i. Calculate t(b).
-7
Let o(m) = 4*m + 17. Let w(c) = -4*c - 18. Let z(a) = -4*o(a) - 3*w(a). Calculate z(-4).
2
Let h(v) = -8*v**3 - 2*v**2 - v. Let o = -15 - -10. Let a(b) = -b**3 - 6*b**2 - 3*b + 9. Let y be a(o). Determine h(y).
7
Suppose 2*b - 2*s - 16 = 0, 0 = 2*b - 5*s + 2 - 15. Let i be (b/(-9))/((-2)/8). Let m(a) = -4*a - 3*a**3 + 11*a**3 - 7*a**3 - 3*a**2. Give m(i).
0
Let c be (-4 - 0)*(-4)/16. Let w(i) = -16 + 15 - 7*i + 0. What is w(c)?
-8
Let k(r) = -4*r**2 + 7*r - 8. Let n(o) = -5*o**2 + 6*o - 9. Let w(b) = 3*k(b) - 2*n(b). Suppose -8*f - 15 = -63. Determine w(f).
-24
Let y(z) be the second derivative of z**5/60 - z**3 - 2*z**2 - 50*z. Let c(k) be the first derivative of y(k). What is c(0)?
-6
Suppose -30 = 4*h + h + 5*b, -2*h + 2*b - 4 = 0. Let a(m) = -m**2 - 4*m - 3. Calculate a(h).
-3
Let s = -15 - -19. Suppose s*t + 5*c = 2*c - 5, 2*t - 4*c = -8. Let y be (-7 - -10)*t/(-6). Let m(a) = -13*a**2 + 2*a - 1. Determine m(y).
-12
Let j(z) be the first derivative of 3*z**2/2 + 4*z - 602. Determine j(5).
19
Let r(q) = q**3 - 7*q**2 + 6*q + 2. Suppose 23 = -8*a + 63. Determine r(a).
-18
Let m(p) = 1. Let j(t) = t - 3. Suppose -4*z = -46 - 14. Let c(r) = z*m(r) + 5*j(r). Determine c(2).
10
Let a(v) = -8 + 5 + 18 - v - 2. What is a(7)?
6
Suppose 0 = -7*d - 22 - 27. Let j(c) = c**2 + 6*c + 8. What is j(d)?
15
Let q(m) = -4*m**3 + 3*m**2 + m - 1. Let r be q(-1). Let o(i) = -i**2 + 3*i + 3. Let u be o(r). Let k(c) = -c**2 - 8*c - 3. Calculate k(u).
4
Let a(v) be the third derivative of -v**5/30 - 2*v**4/3 + v**3 - 249*v**2. Determine a(-8).
6
Let a(v) = v**3 - 7*v**2 - v + 7. Let w(p) = p**3 + 8*p**2 - 22*p - 14. Let h be w(-10). Give a(h).
-35
Let m(g) = 2*g + 2 + 0 - 23*g + 7*g. Give m(-2).
30
Let t(k) = -8 - 2*k - 6 + 8*k - 8*k. Let r be t(-6). Let p(m) = -3*m + 0 - 2 + 0*m + 1. Calculate p(r).
5
Suppose 3*r + 3*c = -21, 4*r + 3*c = -0*c - 29. Let q(z) = z**3 - 3 - 1 + 14*z - 7*z**2 - 2*z**3 - 8*z. Determine q(r).
12
Let r(z) be the first derivative of -2*z**3/3 - z + 81. What is r(-3)?
-19
Let j(v) = -v - 8. Let w(n) be the first derivative of -n**2/2 + n + 8. Let k(d) = -j(d) - 6*w(d). Let f(h) = -6*h - 2. Let o(c) = 6*f(c) + 5*k(c). Give o(-3).
1
Let f(m) be the first derivative of m**4/2 + 2*m**3/3 - m**2/2 + 5*m + 5. Let w(r) = r**3 + 1. Let h(z) = -f(z) + 3*w(z). Give h(2).
0
Let z(l) = -l + 12. Let f be z(11). Let t(q) be the first derivative of -5*q**2 - 2*q**2 + 0*q**2 + 2*q**2 - 2. Determine t(f).
-10
Suppose 2*a = -2*a + 8. Suppose -a*o + 4*o = -6. Let r(c) = -4*c - 1. Let q(i) = 11*i + 2. Let j(y) = o*q(y) - 8*r(y). What is j(3)?
-1
Let c(o) = -o. Suppose -47*a + 8 = 5*b - 43*a, 0 = -3*b + 2*a - 4. What is c(b)?
0
Suppose 43 + 29 = 9*y. Let v(w) = -4*w**2 + 6*w**2 + y*w**2. What is v(1)?
10
Let p be 1*16 + (-10 - -8). Let i(q) = q - p*q + 9*q. Determine i(1).
-4
Let c be 1*(4/1 - 4). Suppose -2*v + c*v = -4*h - 8, -5*h + 5*v = 0. Let l(p) = p. Let g(n) = -n - 1. Let t(j) = h*l(j) - 5*g(j). Determine t(-5).
0
Let t(x) = -x + 42. Let q be (80/(-6))/((-126)/189). Determine t(q).
22
Let o(p) = -p + 8. Suppose 0 = w + 3*f - 5*f - 13, 18 = 3*w + f. Determine o(w).
1
Suppose 15 = -5*p + 5*i, -5*p + 0*p + 21 = 4*i. Suppose s - 10 = -3*h - 0*s, 2*h - p = 5*s. Let f(v) = v - h*v - 3*v - 3 + 3*v. What is f(-5)?
7
Let f(o) be the second derivative of -o**8/6720 + o**7/840 - 31*o**4/12 + 23*o. Let y(a) be the third derivative of f(a). Calculate y(3).
0
Let b = -743 - -746. Let w(r) = 2*r - 11. Determine w(b).
-5
Let k(b) = -b**3 + 6*b**2 + b + 5. Let m be (-26)/4 + 5/(-10). Let a = m + 13. Let f be a/5*(3 - -2). Give k(f).
11
Let t(s) = 5*s**2 - 9*s + 2. Let y(x) = 11*x**2 - 19*x + 4. Let w(g) = -13*t(g) + 6*y(g). Let i(d) = d**2 + 3*d - 3. Let n(q) = -6*i(q) + 7*w(q). What is n(-5)?
14
Let l(s) be the first derivative of s**4/4 - 5*s**3/3 + s**2 + 5*s + 1484. Let i be ((-15)/3)/(0 + -1). Determine l(i).
15
Suppose 96 = 2824*i - 2800*i. Let k(u) be the first derivative of u**2/2 - 1. Determine k(i).
4
Let s(b) = -11 + 6 + 19*b + 4 - 18*b. Determine s(8).
7
Suppose 6 = 5*j - 19. Suppose -9 = k + 5*g, 3*k + 5 + 2 = j*g. Let d(r) = r**2 + 3*r + 4. Calculate d(k).
8
Let a(k) = k**2 - 1. Let p be a(0). Let u(b) be the first derivative of b**4 - b - 15 - 1/2*b**2 + 1/3*b**3. Calculate u(p).
-3
Let t(n) = n**2 + 5. Suppose -7*h + 5*h + 66 = 0. Let w = -33 + h. Determine t(w).
5
Let q = 10 - 8. Let g = -7 - q. Let k(c) = c**3 + 9*c**2 - 2*c - 12. Let b be k(g). Let x(r) = -r**3 + 7*r**2 - 5*r - 3. Determine x(b).
3
Let v(l) = 10*l**2. Suppose 24 = 11*h + 13. Calculate v(h).
10
Let z(s) be the second derivative of 1/12*s**4 - 2/3*s**3 + 0 - 36*s + s**2. Let i(c) = -3*c. Let q be i(-1). What is z(q)?
-1
Let m(d) = 7*d**2 + 7*d + 7. Let f(s) = 3*s**2 + 4*s + 3. Let o(z